{"id":1662,"date":"2013-03-23T19:39:14","date_gmt":"2013-03-23T19:39:14","guid":{"rendered":"http:\/\/www.mnkystudio.com\/theme-10\/?page_id=1662"},"modified":"2017-02-14T09:28:26","modified_gmt":"2017-02-14T09:28:26","slug":"service-page","status":"publish","type":"page","link":"https:\/\/www.educanthis.com\/index.php\/service-page\/","title":{"rendered":"Service Page"},"content":{"rendered":"<h2 style=\"font-weight: lighter; text-align: center;\"><strong>Os nossos servi\u00e7os<\/strong><\/h2>\n<div class=\"divider\" style=\"border-color:#E7E7E7;\"><\/div>\n<div class=\"spacer\" style=\"height:30px\"><\/div>\n<div class=\"column column-1-3\">\n<div class=\"service-box\"><i style=\"font-size:32px; color:;\" class=\"moon-screen-3\"><\/i><div class=\"service-content\" style=\"margin-left:57px;\"><h5>Explica\u00e7\u00f5es<\/h5>\n<p>As Explica\u00e7\u00f5es encontram-se dispon\u00edveis desde o Ensino B\u00e1sico at\u00e9 ao Superior.<\/p>\n<p>O objetivo \u00e9 maximizar as capacidades, desenvolver metodologias de estudo, autonomia e as capacidades do aluno.<\/p>\n<p>O acompanhamento \u00e9 personalizado consoante as necessidades de cada aluno.<\/p>\n<p>A Educanthis disp\u00f5e de um servi\u00e7o de explica\u00e7\u00f5es individuais ou em grupo (m\u00e1ximo de 3 a 4 alunos).<\/p>\n<\/div><\/div>\n<\/div>\n<div class=\"column column-1-3\">\n<div class=\"service-box\"><i style=\"font-size:29px; color:;\" class=\"moon-vector\"><\/i><div class=\"service-content\" style=\"margin-left:54px;\"><h5>Estudo Acompanhado<\/h5>\n<p>O Estudo Acompanhado destina-se a todos os alunos at\u00e9 ao 9\u00ba ano de escolaridade.<\/p>\n<p>O objetivo \u00e9 acompanhar os estudos e motivar a aprendizagem atrav\u00e9s de apoio escolar, orienta\u00e7\u00e3o nos trabalhos de casa e trabalhos da escola, jogos de racioc\u00ednio, atividades l\u00fadicas, esclarecimento de d\u00favidas.<br \/>\n<\/div><\/div>\n<\/div>\n<div class=\"column column-1-3 column-last\">\n<div class=\"service-box\"><i style=\"font-size:29px; color:;\" class=\"moon-marker-2\"><\/i><div class=\"service-content\" style=\"margin-left:54px;\"><h5>Prepara\u00e7\u00e3o para Exames<\/h5>A Prepara\u00e7\u00e3o para Exames tem como objetivo maximizar e desenvolver metodologias de estudo, autonomia e as capacidades do aluno de forma a potenciar os resultados nos exames que ir\u00e3o\u00a0realizar.<\/p>\n<p>No processo de Prepara\u00e7\u00e3o para os Exames os alunos ir\u00e3o aprofundar e consolidar conhecimentos, tirar d\u00favidas, aprender uma correta gest\u00e3o do tempo e aumentar a confian\u00e7a.<\/p>\n<p>A Educanthis disp\u00f5e de um servi\u00e7o individual, em grupo ou miniturmas.<br \/>\n<\/div><\/div>\n<\/div><div class=\"clear\"><\/div>\n<div class=\"column column-1-3\">\n<div class=\"service-box\"><i style=\"font-size:30px; color:;\" class=\"moon-shield-4\"><\/i><div class=\"service-content\" style=\"margin-left:55px;\"><h5>Educa\u00e7\u00e3o Especial<\/h5>A Educanthis tem profissionais especializados em necessidades educativas especiais nas mais diferentes \u00e1reas.<\/p>\n<p>Para mais detalhes entre em contacto connosco. <\/div><\/div>\n<\/div>\n<div class=\"column column-1-3\">\n<div class=\"service-box\"><i style=\"font-size:30px; color:;\" class=\"moon-cube4\"><\/i><div class=\"service-content\" style=\"margin-left:55px;\"><h5>Terapia da Fala<\/h5>Ao Terapeuta da Fala compete a preven\u00e7\u00e3o, avalia\u00e7\u00e3o, diagn\u00f3stico, tratamento e estudo cient\u00edfico das perturba\u00e7\u00f5es da comunica\u00e7\u00e3o, incluindo n\u00e3o s\u00f3 todas as fun\u00e7\u00f5es associadas \u00e0 compreens\u00e3o e express\u00e3o da linguagem oral e escrita mas tamb\u00e9m outras formas de comunica\u00e7\u00e3o n\u00e3o verbal.<\/p>\n<p>.<\/div><\/div>\n<\/div>\n<div class=\"column column-1-3 column-last\">\n<div class=\"service-box\"><i style=\"font-size:30px; color:;\" class=\"moon-pie-6\"><\/i><div class=\"service-content\" style=\"margin-left:55px;\"><h5>Orienta\u00e7\u00e3o Vocacional<\/h5>\n<p>A Orienta\u00e7\u00e3o Vocacional pretende orientar o sujeito numa decis\u00e3o consciente do seu percurso escolar e profissional atrav\u00e9s de uma decis\u00e3o com base nos interesses e aptid\u00f5es identificadas.<\/div><\/div>\n<\/div><div class=\"clear\"><\/div>\n<div class=\"spacer\" style=\"height:20px\"><\/div>\n<div class=\"heading-wrapper\"><h6><span class=\"heading-line-left\"><\/span><strong>Servi\u00e7os Complementares<\/strong><span class=\"heading-line-right\"><\/span><\/h6><\/div>\n<div class=\"spacer\" style=\"height:10px\"><\/div>\n<div class=\"column column-1-3\">\n<h5><strong>Cursos de L\u00ednguas<\/strong><\/h5>\n<p>A Educanthis proporciona o que precisa em diversas l\u00ednguas atrav\u00e9s dos seus cursos:<\/p>\n<ul>\n<li>Ingl\u00eas (livre de certifica\u00e7\u00e3o ou prepara\u00e7\u00e3o para certifica\u00e7\u00e3o)<\/li>\n<li>Franc\u00eas<\/li>\n<li>Espanhol<\/li>\n<li>Alem\u00e3o<\/li>\n<li>Portugu\u00eas para estrangeiros<\/li>\n<\/ul>\n<p>As aulas poder\u00e3o ser individuais ou em grupo.<\/p>\n<\/div>\n<div class=\"column column-1-3\">\n<h5><strong>Workshops<\/strong><\/h5>\n<p>A Educanthis promove uma vasta oferta de workshops em diversas \u00e1reas dirigidas a crian\u00e7as, jovens e adultos.<\/p>\n<p>O nosso objetivo \u00e9 disponibilizar iniciativas que v\u00e3o ao encontro dos gostos e necessidades e partilhar experi\u00eancias em diversas \u00e1reas.<\/p>\n<p>Se tem uma ideia ou workshop que gostaria de frequentar ou promover partilhe e fale connosco!<br \/>\n<\/div>\n<div class=\"column column-1-3 column-last\">\n<h5><em><strong>Coaching<\/strong><\/em><\/h5>\n<p>O objetivo do Coaching \u00e9 ter algu\u00e9m para criar a ponte essencial entre a aprendizagem e o pensar e sentir de forma a atuar como alavanca de estabilidade e autoconfian\u00e7a que proporcionar\u00e1 ao aluno:<\/p>\n<ul>\n<li>consci\u00eancia cr\u00edtica<\/li>\n<li>reconhecimento dos seus conflitos<\/li>\n<li>integra\u00e7\u00e3o de valores fundamentais<\/li>\n<li>capacidade de lidar com momentos menos favor\u00e1veis<\/li>\n<li>trabalhar e aprender com os seus erros<\/li>\n<li>desenvolvimento de capacidade de respeito e toler\u00e2ncia.<\/li>\n<\/ul>\n<\/div><div class=\"clear\"><\/div>\n<div class=\"column column-1-3\">\n<h5><strong>Tradu\u00e7\u00f5es<\/strong><\/h5>\n<p>A Educanthis possui uma equipa de tradutores especializados com vasta experi\u00eancia em tradu\u00e7\u00f5es.<\/p>\n<p>Para or\u00e7amentos entre em contacto connosco.<br \/>\n<\/div>\n<div class=\"column column-1-3\">\n<h5><strong>Acompanhamento Psicopedag\u00f3gico<\/strong><\/h5>\n<p>O Acompanhamento Psicopedag\u00f3gico tem como objetivo avaliar e intervir em dificuldades de aprendizagem e insucesso escolar, desenvolvendo metodologias especializadas que permitam o diagn\u00f3stico, despiste e interven\u00e7\u00e3o psicopedag\u00f3gica ao n\u00edvel global do indiv\u00edduo e possibilita o desenvolvimento e promo\u00e7\u00e3o do sucesso escolar e desenvolvimento pessoal.<\/p>\n<\/div>\n<div class=\"column column-2-3 column-last\"><\/div><div class=\"clear\"><\/div>\n<div class=\"heading-wrapper\"><h6><span class=\"heading-line-left\"><\/span><strong>Testemunhos Sobre n\u00f3s<\/strong><span class=\"heading-line-right\"><\/span><\/h6><\/div>\n<div class=\"spacer\" style=\"height:20px\"><\/div>\n<div class=\"su-quote\"><i class=\"moon-quotes-left\"><\/i><div class=\"su-quote-shell\">Gostei muito da explicadora e do trabalho desenvolvido. Uma \u00f3tima organiza\u00e7\u00e3o e planeamento que se refletiu no resultado. <\/div><div class=\"quote-author\">M. S. Encarregado de Educa\u00e7\u00e3o 9\u00ba ano<\/div><\/div>\n<div class=\"su-quote\"><i class=\"moon-quotes-left\"><\/i><div class=\"su-quote-shell\">A Educanthis \u00e9 um bom centro de estudos. Desde que c\u00e1 estou que levantei as notas. Obrigado. <\/div><div class=\"quote-author\">R. F. Aluno 8\u00ba ano<\/div><\/div>\n<div class=\"su-quote\"><i class=\"moon-quotes-left\"><\/i><div class=\"su-quote-shell\">A explicadora ensina bem e tive sempre todo o apoio que precisei. <\/div><div class=\"quote-author\">A. P. Aluno 7\u00ba ano<\/div><\/div>\n<div class=\"su-quote\"><i class=\"moon-quotes-left\"><\/i><div class=\"su-quote-shell\">O vosso acompanhamento foi fundamental, bem como toda a informa\u00e7\u00e3o que nos foi sendo dada durante todo o processo. <\/div><div class=\"quote-author\">L. J. Encarregado de Educa\u00e7\u00e3o 9\u00ba ano<\/div><\/div>\n<div class=\"su-quote\"><i class=\"moon-quotes-left\"><\/i><div class=\"su-quote-shell\">O apoio do professor de Matem\u00e1tica foi fundamental para o meu desempenho neste ano letivo. Obrigada Educanthis. <\/div><div class=\"quote-author\">D. M. Aluno 12\u00ba ano<\/div><\/div>\n<div class=\"su-quote\"><i class=\"moon-quotes-left\"><\/i><div class=\"su-quote-shell\">Adoro trabalhar na Educanthis. O seu ambiente acolhedor faz-nos pertencer a esta fam\u00edlia.<\/div><div class=\"quote-author\">A. A. Colaborador<\/div><\/div>\n<div class=\"su-quote\"><i class=\"moon-quotes-left\"><\/i><div class=\"su-quote-shell\">Para al\u00e9m de \u00f3timos professores, o ambiente \u00e9 familiar e calmo, ideal para se concentrar e aprender.<\/div><div class=\"quote-author\">M. R. Aluna 11\u00ba ano<\/div><\/div>\n<div class=\"su-quote\"><i class=\"moon-quotes-left\"><\/i><div class=\"su-quote-shell\">O <em>Coach<\/em> foi fundamental no acompanhamento do meu filho, tendo contribu\u00eddo para a melhoria das aprendizagens.<\/div><div class=\"quote-author\">J. J. Encarregado de Educa\u00e7\u00e3o 11\u00ba ano<\/div><\/div>\n<div class=\"su-quote\"><i class=\"moon-quotes-left\"><\/i><div class=\"su-quote-shell\">Felicito o vosso trabalho pois os resultados foram acima das expetativas.<\/div><div class=\"quote-author\">R S. Encarregado de Educa\u00e7\u00e3o 8\u00ba ano<\/div><\/div>\n<div class=\"su-quote\"><i class=\"moon-quotes-left\"><\/i><div class=\"su-quote-shell\">Na escola na percebo muito bem a mat\u00e9ria, mas na Educanthis e com ajuda dos professores consigo aprender tudo.<\/div><div class=\"quote-author\">P. J. Aluno 7\u00ba ano<\/div><\/div>\n<div class=\"su-quote\"><i class=\"moon-quotes-left\"><\/i><div class=\"su-quote-shell\">A Educanthis tem ambiente profissional muito bom com uma filosofia educacional muito eficaz.<\/div><div class=\"quote-author\">M. C. Colaborador<\/div><\/div>\n<div class=\"su-quote\"><i class=\"moon-quotes-left\"><\/i><div class=\"su-quote-shell\">No tempo disponibilizado pelos explicadores para o acompanhamento do nosso filho, o objetivo foi atingido. Continuaremos a confiar no vosso trabalho.<\/div><div class=\"quote-author\">P. A. Encarregado de Educa\u00e7\u00e3o 10\u00ba ano<\/div><\/div>\n<div class=\"su-quote\"><i class=\"moon-quotes-left\"><\/i><div class=\"su-quote-shell\">O funciomento \u00e9 muito bom e a professora tamb\u00e9m. At\u00e9 agora n\u00e3o tenho nada a apontar de negativo, pelo contr\u00e1rio.<\/div><div class=\"quote-author\">L. F. Encarregada de Educa\u00e7\u00e3o 7\u00ba ano<\/div><\/div>\n<div class=\"su-quote\"><i class=\"moon-quotes-left\"><\/i><div class=\"su-quote-shell\">A minha filha teve um bom acompanhamento \u00e1s disciplinas de Matem\u00e1tica e Biologia, tendo conseguido atingir os seus objetivos. Obrigado Educanthis e a toda a equipa que acompanhou a minha filha.<\/div><div class=\"quote-author\">F. G. Encarregado de Educa\u00e7\u00e3o 12\u00ba ano<\/div><\/div>\n<div class=\"su-quote\"><i class=\"moon-quotes-left\"><\/i><div class=\"su-quote-shell\">A equipa de trabalho \u00e9 como uma fam\u00edlia, proporcionando um \u00f3timo ambiente de trabalho para os colaboradores e de aprendizagem para os alunos.<\/div><div class=\"quote-author\">M. T. Colaborador<\/div><\/div>\n","protected":false},"excerpt":{"rendered":"<p>Os nossos servi\u00e7os<\/p>\n","protected":false},"author":2,"featured_media":0,"parent":0,"menu_order":0,"comment_status":"open","ping_status":"open","template":"","meta":{"footnotes":""},"class_list":["post-1662","page","type-page","status-publish","hentry"],"jetpack_sharing_enabled":true,"_links":{"self":[{"href":"https:\/\/www.educanthis.com\/index.php\/wp-json\/wp\/v2\/pages\/1662","targetHints":{"allow":["GET"]}}],"collection":[{"href":"https:\/\/www.educanthis.com\/index.php\/wp-json\/wp\/v2\/pages"}],"about":[{"href":"https:\/\/www.educanthis.com\/index.php\/wp-json\/wp\/v2\/types\/page"}],"author":[{"embeddable":true,"href":"https:\/\/www.educanthis.com\/index.php\/wp-json\/wp\/v2\/users\/2"}],"replies":[{"embeddable":true,"href":"https:\/\/www.educanthis.com\/index.php\/wp-json\/wp\/v2\/comments?post=1662"}],"version-history":[{"count":42,"href":"https:\/\/www.educanthis.com\/index.php\/wp-json\/wp\/v2\/pages\/1662\/revisions"}],"predecessor-version":[{"id":3547,"href":"https:\/\/www.educanthis.com\/index.php\/wp-json\/wp\/v2\/pages\/1662\/revisions\/3547"}],"wp:attachment":[{"href":"https:\/\/www.educanthis.com\/index.php\/wp-json\/wp\/v2\/media?parent=1662"}],"curies":[{"name":"wp","href":"https:\/\/api.w.org\/{rel}","templated":true}]}}